{"id":516,"date":"2026-03-25T14:27:14","date_gmt":"2026-03-25T14:27:14","guid":{"rendered":"https:\/\/inaratconsulting.com\/?page_id=516"},"modified":"2026-03-26T14:46:48","modified_gmt":"2026-03-26T14:46:48","slug":"creation-de-contenu-marketing","status":"publish","type":"page","link":"https:\/\/inaratconsulting.com\/?page_id=516","title":{"rendered":"Cr\u00e9ation de Contenu Marketing"},"content":{"rendered":"\t\t<div data-elementor-type=\"wp-page\" data-elementor-id=\"516\" class=\"elementor elementor-516\" data-elementor-post-type=\"page\">\n\t\t\t\t<div class=\"elementor-element elementor-element-65d5bff e-flex e-con-boxed e-con e-parent\" data-id=\"65d5bff\" data-element_type=\"container\">\n\t\t\t\t\t<div class=\"e-con-inner\">\n\t\t\t\t<div class=\"elementor-element elementor-element-9fedf1b elementor-widget elementor-widget-spacer\" data-id=\"9fedf1b\" data-element_type=\"widget\" data-widget_type=\"spacer.default\">\n\t\t\t\t\t\t\t<div class=\"elementor-spacer\">\n\t\t\t<div class=\"elementor-spacer-inner\"><\/div>\n\t\t<\/div>\n\t\t\t\t\t\t<\/div>\n\t\t\t\t<div class=\"elementor-element elementor-element-22b61b3 elementor-headline--style-highlight elementor-widget elementor-widget-animated-headline\" data-id=\"22b61b3\" data-element_type=\"widget\" data-settings=\"{&quot;marker&quot;:&quot;underline&quot;,&quot;highlighted_text&quot;:&quot;Marketing&quot;,&quot;headline_style&quot;:&quot;highlight&quot;,&quot;loop&quot;:&quot;yes&quot;,&quot;highlight_animation_duration&quot;:1200,&quot;highlight_iteration_delay&quot;:8000}\" data-widget_type=\"animated-headline.default\">\n\t\t\t\t\t\t\t<h3 class=\"elementor-headline\">\n\t\t\t\t\t<span class=\"elementor-headline-plain-text elementor-headline-text-wrapper\">Cr\u00e9ation de Contenu<\/span>\n\t\t\t\t<span class=\"elementor-headline-dynamic-wrapper elementor-headline-text-wrapper\">\n\t\t\t\t\t<span class=\"elementor-headline-dynamic-text elementor-headline-text-active\">Marketing<\/span>\n\t\t\t\t<\/span>\n\t\t\t\t<\/h3>\n\t\t\t\t\t\t<\/div>\n\t\t\t\t<div class=\"elementor-element elementor-element-0306c5d elementor-widget elementor-widget-spacer\" data-id=\"0306c5d\" data-element_type=\"widget\" data-widget_type=\"spacer.default\">\n\t\t\t\t\t\t\t<div class=\"elementor-spacer\">\n\t\t\t<div class=\"elementor-spacer-inner\"><\/div>\n\t\t<\/div>\n\t\t\t\t\t\t<\/div>\n\t\t\t\t\t<\/div>\n\t\t\t\t<\/div>\n\t\t<div class=\"elementor-element elementor-element-65bdb00 e-flex e-con-boxed e-con e-parent\" data-id=\"65bdb00\" data-element_type=\"container\">\n\t\t\t\t\t<div class=\"e-con-inner\">\n\t\t<div class=\"elementor-element elementor-element-a8fb141 e-con-full e-flex e-con e-child\" data-id=\"a8fb141\" data-element_type=\"container\">\n\t\t\t\t<div class=\"elementor-element elementor-element-4e516a1 elementor-widget elementor-widget-video\" data-id=\"4e516a1\" data-element_type=\"widget\" data-settings=\"{&quot;video_type&quot;:&quot;hosted&quot;,&quot;autoplay&quot;:&quot;yes&quot;,&quot;play_on_mobile&quot;:&quot;yes&quot;,&quot;mute&quot;:&quot;yes&quot;,&quot;loop&quot;:&quot;yes&quot;}\" data-widget_type=\"video.default\">\n\t\t\t\t\t\t\t<div class=\"e-hosted-video elementor-wrapper elementor-open-inline\">\n\t\t\t\t\t<video class=\"elementor-video\" src=\"https:\/\/inaratconsulting.com\/wp-content\/uploads\/2026\/03\/SaveClip.App_AQMLUrtrr9nTHC26SvpQL-28AErXLvCQ9V2UpAKI99NFhadHSv3-ntrKgMG_Kyd1KH8DiBUdX2EKJT8Q4I4qEpNcGdn-B9bcgdfIYOk.mp4\" autoplay=\"\" loop=\"\" muted=\"muted\" playsinline=\"\" controlsList=\"nodownload\"><\/video>\n\t\t\t\t<\/div>\n\t\t\t\t\t\t<\/div>\n\t\t\t\t<\/div>\n\t\t<div class=\"elementor-element elementor-element-6323123 e-con-full e-flex e-con e-child\" data-id=\"6323123\" data-element_type=\"container\">\n\t\t\t\t<div class=\"elementor-element elementor-element-136d36b elementor-widget elementor-widget-video\" data-id=\"136d36b\" data-element_type=\"widget\" data-settings=\"{&quot;video_type&quot;:&quot;hosted&quot;,&quot;autoplay&quot;:&quot;yes&quot;,&quot;play_on_mobile&quot;:&quot;yes&quot;,&quot;mute&quot;:&quot;yes&quot;,&quot;loop&quot;:&quot;yes&quot;}\" data-widget_type=\"video.default\">\n\t\t\t\t\t\t\t<div class=\"e-hosted-video elementor-wrapper elementor-open-inline\">\n\t\t\t\t\t<video class=\"elementor-video\" src=\"https:\/\/inaratconsulting.com\/wp-content\/uploads\/2026\/03\/SaveClip.App_AQOj3x-nXeL1laezp9speUFjmto7QhwHoPm5NlF44v2aAy1C7pSoSQ4KYBlwIyHqzzvdedH-emkDddQuTI_zFnXF.mp4\" autoplay=\"\" loop=\"\" muted=\"muted\" playsinline=\"\" controlsList=\"nodownload\"><\/video>\n\t\t\t\t<\/div>\n\t\t\t\t\t\t<\/div>\n\t\t\t\t<\/div>\n\t\t<div class=\"elementor-element elementor-element-626d802 e-con-full e-flex e-con e-child\" data-id=\"626d802\" data-element_type=\"container\">\n\t\t\t\t<div class=\"elementor-element elementor-element-4b7b9fe elementor-widget elementor-widget-video\" data-id=\"4b7b9fe\" data-element_type=\"widget\" data-settings=\"{&quot;video_type&quot;:&quot;hosted&quot;,&quot;autoplay&quot;:&quot;yes&quot;,&quot;play_on_mobile&quot;:&quot;yes&quot;,&quot;mute&quot;:&quot;yes&quot;,&quot;loop&quot;:&quot;yes&quot;}\" data-widget_type=\"video.default\">\n\t\t\t\t\t\t\t<div class=\"e-hosted-video elementor-wrapper elementor-open-inline\">\n\t\t\t\t\t<video class=\"elementor-video\" src=\"https:\/\/inaratconsulting.com\/wp-content\/uploads\/2026\/03\/SaveClip.App_AQM1cP27YHGGapk1TVLwbzJGmNT52wyGsnuVhTDh9gQuCMjWMnC6x1JcKGWHIZoAAIwIQI_0leborDh4rqYo9b_wcnOQ0Ppz-X5KeOc.mp4\" autoplay=\"\" loop=\"\" muted=\"muted\" playsinline=\"\" controlsList=\"nodownload\"><\/video>\n\t\t\t\t<\/div>\n\t\t\t\t\t\t<\/div>\n\t\t\t\t<\/div>\n\t\t<div class=\"elementor-element elementor-element-2d8e5ba e-con-full e-flex e-con e-child\" data-id=\"2d8e5ba\" data-element_type=\"container\">\n\t\t\t\t<div class=\"elementor-element elementor-element-3125bd1 elementor-widget elementor-widget-video\" data-id=\"3125bd1\" data-element_type=\"widget\" data-settings=\"{&quot;video_type&quot;:&quot;hosted&quot;,&quot;autoplay&quot;:&quot;yes&quot;,&quot;play_on_mobile&quot;:&quot;yes&quot;,&quot;mute&quot;:&quot;yes&quot;,&quot;loop&quot;:&quot;yes&quot;}\" data-widget_type=\"video.default\">\n\t\t\t\t\t\t\t<div class=\"e-hosted-video elementor-wrapper elementor-open-inline\">\n\t\t\t\t\t<video class=\"elementor-video\" src=\"https:\/\/inaratconsulting.com\/wp-content\/uploads\/2026\/03\/SaveClip.App_AQOHB6hAE_xDyxmTkmo3HBFGTRUcFkfxghVwovjkJBKg4JSKmaSZtL1SgIdddzSA3zpSic90niCvjJR3gvDshtDmg25pQvmi_bAW4m0.mp4\" autoplay=\"\" loop=\"\" muted=\"muted\" playsinline=\"\" controlsList=\"nodownload\"><\/video>\n\t\t\t\t<\/div>\n\t\t\t\t\t\t<\/div>\n\t\t\t\t<\/div>\n\t\t\t\t\t<\/div>\n\t\t\t\t<\/div>\n\t\t<div class=\"elementor-element elementor-element-5b289f5 e-flex e-con-boxed e-con e-parent\" data-id=\"5b289f5\" data-element_type=\"container\">\n\t\t\t\t\t<div class=\"e-con-inner\">\n\t\t<div class=\"elementor-element elementor-element-271b57e e-con-full e-flex e-con e-child\" data-id=\"271b57e\" data-element_type=\"container\">\n\t\t\t\t<div class=\"elementor-element elementor-element-f93794d elementor-widget elementor-widget-heading\" data-id=\"f93794d\" data-element_type=\"widget\" data-widget_type=\"heading.default\">\n\t\t\t\t\t<h2 class=\"elementor-heading-title elementor-size-default\"><b>Production Visuelle sur Mesure<\/b><\/h2>\t\t\t\t<\/div>\n\t\t\t\t<div class=\"elementor-element elementor-element-ffb4cb5 elementor-widget elementor-widget-text-editor\" data-id=\"ffb4cb5\" data-element_type=\"widget\" data-widget_type=\"text-editor.default\">\n\t\t\t\t\t\t\t\t\t<p data-start=\"234\" data-end=\"334\"><strong data-start=\"234\" data-end=\"334\">Chaque marque a des objectifs diff\u00e9rents : Vente<\/strong><span style=\"font-weight: bolder;\">,\u00a0<\/span><strong data-start=\"234\" data-end=\"334\">notori\u00e9t\u00e9, lancement, conversion ou repositionnement.<\/strong><\/p><p data-start=\"336\" data-end=\"582\">Nous concevons des contenus enti\u00e8rement personnalis\u00e9s, pens\u00e9s pour r\u00e9pondre pr\u00e9cis\u00e9ment \u00e0 ces objectifs. <em>Concept, script et direction cr\u00e9ative sont d\u00e9velopp\u00e9s sp\u00e9cifiquement pour cr\u00e9er un message clair, impactant et align\u00e9 avec votre strat\u00e9gie.<\/em><\/p>\t\t\t\t\t\t\t\t<\/div>\n\t\t\t\t<\/div>\n\t\t\t\t\t<\/div>\n\t\t\t\t<\/div>\n\t\t<div class=\"elementor-element elementor-element-09be304 e-flex e-con-boxed e-con e-parent\" data-id=\"09be304\" data-element_type=\"container\">\n\t\t\t\t\t<div class=\"e-con-inner\">\n\t\t<div class=\"elementor-element elementor-element-6cc06f0 e-con-full e-flex e-con e-child\" data-id=\"6cc06f0\" data-element_type=\"container\">\n\t\t\t\t<div class=\"elementor-element elementor-element-4c4c224 elementor-widget elementor-widget-video\" data-id=\"4c4c224\" data-element_type=\"widget\" data-settings=\"{&quot;video_type&quot;:&quot;hosted&quot;,&quot;autoplay&quot;:&quot;yes&quot;,&quot;play_on_mobile&quot;:&quot;yes&quot;,&quot;mute&quot;:&quot;yes&quot;,&quot;loop&quot;:&quot;yes&quot;}\" data-widget_type=\"video.default\">\n\t\t\t\t\t\t\t<div class=\"e-hosted-video elementor-wrapper elementor-open-inline\">\n\t\t\t\t\t<video class=\"elementor-video\" src=\"https:\/\/inaratconsulting.com\/wp-content\/uploads\/2026\/03\/SaveClip.App_AQM2cPM8HRk350wpDGIZqtV4CIwnjVOsBkZXsVAkeNKmr2M77-5tlsTJVBAOVDrSY_LnFBnT9cxJnUkMlPPg1CRR29rPoTdaJE6L-GY.mp4\" autoplay=\"\" loop=\"\" muted=\"muted\" playsinline=\"\" controlsList=\"nodownload\"><\/video>\n\t\t\t\t<\/div>\n\t\t\t\t\t\t<\/div>\n\t\t\t\t<\/div>\n\t\t<div class=\"elementor-element elementor-element-3cdeaf3 e-con-full e-flex e-con e-child\" data-id=\"3cdeaf3\" data-element_type=\"container\">\n\t\t\t\t<div class=\"elementor-element elementor-element-7903964 elementor-widget elementor-widget-video\" data-id=\"7903964\" data-element_type=\"widget\" data-settings=\"{&quot;video_type&quot;:&quot;hosted&quot;,&quot;autoplay&quot;:&quot;yes&quot;,&quot;play_on_mobile&quot;:&quot;yes&quot;,&quot;mute&quot;:&quot;yes&quot;,&quot;loop&quot;:&quot;yes&quot;}\" data-widget_type=\"video.default\">\n\t\t\t\t\t\t\t<div class=\"e-hosted-video elementor-wrapper elementor-open-inline\">\n\t\t\t\t\t<video class=\"elementor-video\" src=\"https:\/\/inaratconsulting.com\/wp-content\/uploads\/2026\/03\/SaveClip.App_AQON6RRu82qHmlj7KpYrwd3I8O25opLyHU5Rr7OPIKde-vnRhvD6gOGTQ6Ci-thnpq2kP5u8b_KB5Za3L_grSTJY2_TLAKoVZPy91MA.mp4\" autoplay=\"\" loop=\"\" muted=\"muted\" playsinline=\"\" controlsList=\"nodownload\"><\/video>\n\t\t\t\t<\/div>\n\t\t\t\t\t\t<\/div>\n\t\t\t\t<\/div>\n\t\t<div class=\"elementor-element elementor-element-a9f9796 e-con-full e-flex e-con e-child\" data-id=\"a9f9796\" data-element_type=\"container\">\n\t\t<div class=\"elementor-element elementor-element-b8f1370 e-con-full e-flex e-con e-child\" data-id=\"b8f1370\" data-element_type=\"container\">\n\t\t\t\t<div class=\"elementor-element elementor-element-f05e2e0 elementor-widget elementor-widget-spacer\" data-id=\"f05e2e0\" data-element_type=\"widget\" data-widget_type=\"spacer.default\">\n\t\t\t\t\t\t\t<div class=\"elementor-spacer\">\n\t\t\t<div class=\"elementor-spacer-inner\"><\/div>\n\t\t<\/div>\n\t\t\t\t\t\t<\/div>\n\t\t\t\t<div class=\"elementor-element elementor-element-5ad4e55 elementor-widget elementor-widget-heading\" data-id=\"5ad4e55\" data-element_type=\"widget\" data-widget_type=\"heading.default\">\n\t\t\t\t\t<h2 class=\"elementor-heading-title elementor-size-default\"><b>Personal Branding<\/b><\/h2>\t\t\t\t<\/div>\n\t\t\t\t<\/div>\n\t\t<div class=\"elementor-element elementor-element-ca43ec7 e-con-full e-flex e-con e-child\" data-id=\"ca43ec7\" data-element_type=\"container\">\n\t\t\t\t<div class=\"elementor-element elementor-element-3c58471 elementor-widget elementor-widget-text-editor\" data-id=\"3c58471\" data-element_type=\"widget\" data-widget_type=\"text-editor.default\">\n\t\t\t\t\t\t\t\t\t<p data-start=\"611\" data-end=\"680\"><strong data-start=\"611\" data-end=\"680\">Construire une image forte est aujourd\u2019hui un levier strat\u00e9gique.<\/strong><\/p><p data-start=\"682\" data-end=\"839\">Le personal branding permet aux professionnels de partager leur expertise, d\u00e9velopper leur cr\u00e9dibilit\u00e9 et cr\u00e9er une relation de confiance avec leur audience.\u00a0<\/p>\t\t\t\t\t\t\t\t<\/div>\n\t\t\t\t<\/div>\n\t\t\t\t<\/div>\n\t\t\t\t\t<\/div>\n\t\t\t\t<\/div>\n\t\t<div class=\"elementor-element elementor-element-6bf4b4d e-con-full e-flex e-con e-parent\" data-id=\"6bf4b4d\" data-element_type=\"container\">\n\t\t<div class=\"elementor-element elementor-element-3593c65 e-con-full e-flex e-con e-child\" data-id=\"3593c65\" data-element_type=\"container\">\n\t\t\t\t<div class=\"elementor-element elementor-element-836b987 elementor-widget elementor-widget-spacer\" data-id=\"836b987\" data-element_type=\"widget\" data-widget_type=\"spacer.default\">\n\t\t\t\t\t\t\t<div class=\"elementor-spacer\">\n\t\t\t<div class=\"elementor-spacer-inner\"><\/div>\n\t\t<\/div>\n\t\t\t\t\t\t<\/div>\n\t\t\t\t<div class=\"elementor-element elementor-element-b3c33c7 elementor-widget elementor-widget-heading\" data-id=\"b3c33c7\" data-element_type=\"widget\" data-widget_type=\"heading.default\">\n\t\t\t\t\t<h2 class=\"elementor-heading-title elementor-size-default\"><b>Contenu UGC<\/b><\/h2>\t\t\t\t<\/div>\n\t\t\t\t<div class=\"elementor-element elementor-element-a37a917 elementor-widget elementor-widget-text-editor\" data-id=\"a37a917\" data-element_type=\"widget\" data-widget_type=\"text-editor.default\">\n\t\t\t\t\t\t\t\t\t<p data-start=\"957\" data-end=\"1033\"><strong>L\u2019authenticit\u00e9 est l\u2019un des moteurs les plus puissants de la conversion.<\/strong><\/p><p data-start=\"1035\" data-end=\"1251\">Le contenu UGC met en sc\u00e8ne l\u2019exp\u00e9rience r\u00e9elle d\u2019un produit ou service.<br data-start=\"1142\" data-end=\"1145\" \/>Ce format naturel et immersif permet de renforcer la confiance, humaniser la marque et encourager l\u2019achat.<\/p>\t\t\t\t\t\t\t\t<\/div>\n\t\t\t\t<\/div>\n\t\t<div class=\"elementor-element elementor-element-db86e08 e-con-full e-flex e-con e-child\" data-id=\"db86e08\" data-element_type=\"container\">\n\t\t\t\t<div class=\"elementor-element elementor-element-13a3571 elementor-widget elementor-widget-video\" data-id=\"13a3571\" data-element_type=\"widget\" data-settings=\"{&quot;video_type&quot;:&quot;hosted&quot;,&quot;autoplay&quot;:&quot;yes&quot;,&quot;play_on_mobile&quot;:&quot;yes&quot;,&quot;mute&quot;:&quot;yes&quot;,&quot;loop&quot;:&quot;yes&quot;}\" data-widget_type=\"video.default\">\n\t\t\t\t\t\t\t<div class=\"e-hosted-video elementor-wrapper elementor-open-inline\">\n\t\t\t\t\t<video class=\"elementor-video\" src=\"https:\/\/inaratconsulting.com\/wp-content\/uploads\/2026\/03\/SaveClip.App_AQMS6gl1QgM-_iIgPfN9IG6PKltRZSg249CkMmBIBHTNq5T_L3CkRROWgGq73I5NdW5ALOv-aSOCM-AU5-5ifuuxr6hL3vovtaTvUoE.mp4\" autoplay=\"\" loop=\"\" muted=\"muted\" playsinline=\"\" controlsList=\"nodownload\"><\/video>\n\t\t\t\t<\/div>\n\t\t\t\t\t\t<\/div>\n\t\t\t\t<\/div>\n\t\t<div class=\"elementor-element elementor-element-e096e7b e-con-full e-flex e-con e-child\" data-id=\"e096e7b\" data-element_type=\"container\">\n\t\t\t\t<div class=\"elementor-element elementor-element-86f28ea elementor-widget elementor-widget-video\" data-id=\"86f28ea\" data-element_type=\"widget\" data-settings=\"{&quot;video_type&quot;:&quot;hosted&quot;,&quot;autoplay&quot;:&quot;yes&quot;,&quot;play_on_mobile&quot;:&quot;yes&quot;,&quot;mute&quot;:&quot;yes&quot;,&quot;loop&quot;:&quot;yes&quot;}\" data-widget_type=\"video.default\">\n\t\t\t\t\t\t\t<div class=\"e-hosted-video elementor-wrapper elementor-open-inline\">\n\t\t\t\t\t<video class=\"elementor-video\" src=\"https:\/\/inaratconsulting.com\/wp-content\/uploads\/2026\/03\/SaveClip.App_AQPYABnvA0ahqpY4tzYVfxGO_EiOedrAj7Ti1e3A-duCoZhYaCugwKQPQGtpJ1ZqGxvUld3ZVveQHxxxcfQyErC404JSBLf0ZNp-qc4.mp4\" autoplay=\"\" loop=\"\" muted=\"muted\" playsinline=\"\" controlsList=\"nodownload\"><\/video>\n\t\t\t\t<\/div>\n\t\t\t\t\t\t<\/div>\n\t\t\t\t<\/div>\n\t\t\t\t<\/div>\n\t\t<div class=\"elementor-element elementor-element-6d4512b e-flex e-con-boxed e-con e-parent\" data-id=\"6d4512b\" data-element_type=\"container\" data-settings=\"{&quot;background_background&quot;:&quot;classic&quot;}\">\n\t\t\t\t\t<div class=\"e-con-inner\">\n\t\t\t\t<div class=\"elementor-element elementor-element-afb22a1 elementor-widget elementor-widget-spacer\" data-id=\"afb22a1\" data-element_type=\"widget\" data-widget_type=\"spacer.default\">\n\t\t\t\t\t\t\t<div class=\"elementor-spacer\">\n\t\t\t<div class=\"elementor-spacer-inner\"><\/div>\n\t\t<\/div>\n\t\t\t\t\t\t<\/div>\n\t\t\t\t<div class=\"elementor-element elementor-element-e17e884 elementor-widget elementor-widget-heading\" data-id=\"e17e884\" data-element_type=\"widget\" data-widget_type=\"heading.default\">\n\t\t\t\t\t<h6 class=\"elementor-heading-title elementor-size-default\">Pr\u00eat a commencer ?<\/h6>\t\t\t\t<\/div>\n\t\t\t\t<div class=\"elementor-element elementor-element-d1fd94f elementor-widget elementor-widget-spacer\" data-id=\"d1fd94f\" data-element_type=\"widget\" data-widget_type=\"spacer.default\">\n\t\t\t\t\t\t\t<div class=\"elementor-spacer\">\n\t\t\t<div class=\"elementor-spacer-inner\"><\/div>\n\t\t<\/div>\n\t\t\t\t\t\t<\/div>\n\t\t\t\t<div class=\"elementor-element elementor-element-02538c9 elementor-align-center elementor-widget elementor-widget-button\" data-id=\"02538c9\" data-element_type=\"widget\" data-widget_type=\"button.default\">\n\t\t\t\t\t\t\t\t\t\t<a class=\"elementor-button elementor-button-link elementor-size-sm elementor-animation-grow\" href=\"#\">\n\t\t\t\t\t\t<span class=\"elementor-button-content-wrapper\">\n\t\t\t\t\t\t\t\t\t<span class=\"elementor-button-text\">En Savoir plus<\/span>\n\t\t\t\t\t<\/span>\n\t\t\t\t\t<\/a>\n\t\t\t\t\t\t\t\t<\/div>\n\t\t\t\t<div class=\"elementor-element elementor-element-98890ef elementor-widget elementor-widget-spacer\" data-id=\"98890ef\" data-element_type=\"widget\" data-widget_type=\"spacer.default\">\n\t\t\t\t\t\t\t<div class=\"elementor-spacer\">\n\t\t\t<div class=\"elementor-spacer-inner\"><\/div>\n\t\t<\/div>\n\t\t\t\t\t\t<\/div>\n\t\t\t\t\t<\/div>\n\t\t\t\t<\/div>\n\t\t\t\t<\/div>\n\t\t","protected":false},"excerpt":{"rendered":"<p>Cr\u00e9ation de Contenu Marketing https:\/\/inaratconsulting.com\/wp-content\/uploads\/2026\/03\/SaveClip.App_AQMLUrtrr9nTHC26SvpQL-28AErXLvCQ9V2UpAKI99NFhadHSv3-ntrKgMG_Kyd1KH8DiBUdX2EKJT8Q4I4qEpNcGdn-B9bcgdfIYOk.mp4https:\/\/inaratconsulting.com\/wp-content\/uploads\/2026\/03\/SaveClip.App_AQOj3x-nXeL1laezp9speUFjmto7QhwHoPm5NlF44v2aAy1C7pSoSQ4KYBlwIyHqzzvdedH-emkDddQuTI_zFnXF.mp4https:\/\/inaratconsulting.com\/wp-content\/uploads\/2026\/03\/SaveClip.App_AQM1cP27YHGGapk1TVLwbzJGmNT52wyGsnuVhTDh9gQuCMjWMnC6x1JcKGWHIZoAAIwIQI_0leborDh4rqYo9b_wcnOQ0Ppz-X5KeOc.mp4https:\/\/inaratconsulting.com\/wp-content\/uploads\/2026\/03\/SaveClip.App_AQOHB6hAE_xDyxmTkmo3HBFGTRUcFkfxghVwovjkJBKg4JSKmaSZtL1SgIdddzSA3zpSic90niCvjJR3gvDshtDmg25pQvmi_bAW4m0.mp4 Production Visuelle sur Mesure Chaque marque a des objectifs diff\u00e9rents : Vente,\u00a0notori\u00e9t\u00e9, lancement, conversion ou repositionnement. Nous concevons des contenus enti\u00e8rement personnalis\u00e9s, pens\u00e9s pour r\u00e9pondre pr\u00e9cis\u00e9ment \u00e0 ces objectifs. Concept, script et direction cr\u00e9ative sont d\u00e9velopp\u00e9s sp\u00e9cifiquement pour cr\u00e9er un message clair, impactant et align\u00e9 avec votre strat\u00e9gie. https:\/\/inaratconsulting.com\/wp-content\/uploads\/2026\/03\/SaveClip.App_AQM2cPM8HRk350wpDGIZqtV4CIwnjVOsBkZXsVAkeNKmr2M77-5tlsTJVBAOVDrSY_LnFBnT9cxJnUkMlPPg1CRR29rPoTdaJE6L-GY.mp4https:\/\/inaratconsulting.com\/wp-content\/uploads\/2026\/03\/SaveClip.App_AQON6RRu82qHmlj7KpYrwd3I8O25opLyHU5Rr7OPIKde-vnRhvD6gOGTQ6Ci-thnpq2kP5u8b_KB5Za3L_grSTJY2_TLAKoVZPy91MA.mp4 Personal [&hellip;]<\/p>\n","protected":false},"author":1,"featured_media":0,"parent":0,"menu_order":0,"comment_status":"closed","ping_status":"closed","template":"","meta":{"footnotes":""},"class_list":["post-516","page","type-page","status-publish","hentry"],"_links":{"self":[{"href":"https:\/\/inaratconsulting.com\/index.php?rest_route=\/wp\/v2\/pages\/516","targetHints":{"allow":["GET"]}}],"collection":[{"href":"https:\/\/inaratconsulting.com\/index.php?rest_route=\/wp\/v2\/pages"}],"about":[{"href":"https:\/\/inaratconsulting.com\/index.php?rest_route=\/wp\/v2\/types\/page"}],"author":[{"embeddable":true,"href":"https:\/\/inaratconsulting.com\/index.php?rest_route=\/wp\/v2\/users\/1"}],"replies":[{"embeddable":true,"href":"https:\/\/inaratconsulting.com\/index.php?rest_route=%2Fwp%2Fv2%2Fcomments&post=516"}],"version-history":[{"count":19,"href":"https:\/\/inaratconsulting.com\/index.php?rest_route=\/wp\/v2\/pages\/516\/revisions"}],"predecessor-version":[{"id":549,"href":"https:\/\/inaratconsulting.com\/index.php?rest_route=\/wp\/v2\/pages\/516\/revisions\/549"}],"wp:attachment":[{"href":"https:\/\/inaratconsulting.com\/index.php?rest_route=%2Fwp%2Fv2%2Fmedia&parent=516"}],"curies":[{"name":"wp","href":"https:\/\/api.w.org\/{rel}","templated":true}]}}