{"id":304,"date":"2026-01-01T13:53:22","date_gmt":"2026-01-01T13:53:22","guid":{"rendered":"https:\/\/inaratconsulting.com\/?page_id=304"},"modified":"2026-01-01T21:06:35","modified_gmt":"2026-01-01T21:06:35","slug":"accueil-dupliquer-30","status":"publish","type":"page","link":"https:\/\/inaratconsulting.com\/?page_id=304","title":{"rendered":"Notre Process"},"content":{"rendered":"\t\t<div data-elementor-type=\"wp-page\" data-elementor-id=\"304\" class=\"elementor elementor-304\" data-elementor-post-type=\"page\">\n\t\t\t\t<div class=\"elementor-element elementor-element-3cbebc4 e-flex e-con-boxed e-con e-parent\" data-id=\"3cbebc4\" data-element_type=\"container\">\n\t\t\t\t\t<div class=\"e-con-inner\">\n\t\t\t\t<div class=\"elementor-element elementor-element-09601ee elementor-widget elementor-widget-spacer\" data-id=\"09601ee\" data-element_type=\"widget\" data-widget_type=\"spacer.default\">\n\t\t\t\t\t\t\t<div class=\"elementor-spacer\">\n\t\t\t<div class=\"elementor-spacer-inner\"><\/div>\n\t\t<\/div>\n\t\t\t\t\t\t<\/div>\n\t\t\t\t\t<\/div>\n\t\t\t\t<\/div>\n\t\t<div class=\"elementor-element elementor-element-cd62074 e-flex e-con-boxed e-con e-parent\" data-id=\"cd62074\" data-element_type=\"container\">\n\t\t\t\t\t<div class=\"e-con-inner\">\n\t\t\t\t<div class=\"elementor-element elementor-element-2790be5 elementor-headline--style-highlight elementor-widget elementor-widget-animated-headline\" data-id=\"2790be5\" data-element_type=\"widget\" data-settings=\"{&quot;marker&quot;:&quot;underline&quot;,&quot;highlighted_text&quot;:&quot;pour vous&quot;,&quot;headline_style&quot;:&quot;highlight&quot;,&quot;loop&quot;:&quot;yes&quot;,&quot;highlight_animation_duration&quot;:1200,&quot;highlight_iteration_delay&quot;:8000}\" data-widget_type=\"animated-headline.default\">\n\t\t\t\t\t\t\t<h3 class=\"elementor-headline\">\n\t\t\t\t\t<span class=\"elementor-headline-plain-text elementor-headline-text-wrapper\">Une approche pens\u00e9e<\/span>\n\t\t\t\t<span class=\"elementor-headline-dynamic-wrapper elementor-headline-text-wrapper\">\n\t\t\t\t\t<span class=\"elementor-headline-dynamic-text elementor-headline-text-active\">pour vous<\/span>\n\t\t\t\t<\/span>\n\t\t\t\t<\/h3>\n\t\t\t\t\t\t<\/div>\n\t\t\t\t<div class=\"elementor-element elementor-element-48ba17a elementor-widget elementor-widget-spacer\" data-id=\"48ba17a\" data-element_type=\"widget\" data-widget_type=\"spacer.default\">\n\t\t\t\t\t\t\t<div class=\"elementor-spacer\">\n\t\t\t<div class=\"elementor-spacer-inner\"><\/div>\n\t\t<\/div>\n\t\t\t\t\t\t<\/div>\n\t\t\t\t\t<\/div>\n\t\t\t\t<\/div>\n\t\t<div class=\"elementor-element elementor-element-0559766 e-flex e-con-boxed e-con e-parent\" data-id=\"0559766\" data-element_type=\"container\">\n\t\t\t\t\t<div class=\"e-con-inner\">\n\t\t<div class=\"elementor-element elementor-element-fa52990 e-con-full e-flex e-con e-child\" data-id=\"fa52990\" data-element_type=\"container\">\n\t\t\t\t<div class=\"elementor-element elementor-element-7f919e0 elementor-widget elementor-widget-heading\" data-id=\"7f919e0\" data-element_type=\"widget\" data-widget_type=\"heading.default\">\n\t\t\t\t\t<h6 class=\"elementor-heading-title elementor-size-default\">01<\/h6>\t\t\t\t<\/div>\n\t\t\t\t<\/div>\n\t\t<div class=\"elementor-element elementor-element-b5f7889 e-con-full e-flex e-con e-child\" data-id=\"b5f7889\" data-element_type=\"container\">\n\t\t<div class=\"elementor-element elementor-element-1c6296a e-con-full e-flex e-con e-child\" data-id=\"1c6296a\" data-element_type=\"container\">\n\t\t\t\t<div class=\"elementor-element elementor-element-61fd165 elementor-widget elementor-widget-heading\" data-id=\"61fd165\" data-element_type=\"widget\" data-widget_type=\"heading.default\">\n\t\t\t\t\t<h6 class=\"elementor-heading-title elementor-size-default\">Le Premier \u00e9change <\/h6>\t\t\t\t<\/div>\n\t\t\t\t<\/div>\n\t\t<div class=\"elementor-element elementor-element-049c1f5 e-con-full e-flex e-con e-child\" data-id=\"049c1f5\" data-element_type=\"container\">\n\t\t\t\t<div class=\"elementor-element elementor-element-367af46 elementor-widget elementor-widget-text-editor\" data-id=\"367af46\" data-element_type=\"widget\" data-widget_type=\"text-editor.default\">\n\t\t\t\t\t\t\t\t\t<p>Une immersion privil\u00e9gi\u00e9e o\u00f9 <b>la parole vous appartient.<\/b> Notre chef de projet d\u00e9di\u00e9 vient \u00e0 votre rencontre pour s\u2019impr\u00e9gner de <b>votre vision et de vos d\u00e9fis.<\/b>&nbsp;<\/p>\t\t\t\t\t\t\t\t<\/div>\n\t\t\t\t<\/div>\n\t\t\t\t<\/div>\n\t\t\t\t\t<\/div>\n\t\t\t\t<\/div>\n\t\t<div class=\"elementor-element elementor-element-87b71b1 e-flex e-con-boxed e-con e-parent\" data-id=\"87b71b1\" data-element_type=\"container\">\n\t\t\t\t\t<div class=\"e-con-inner\">\n\t\t<div class=\"elementor-element elementor-element-8f7d441 e-con-full e-flex e-con e-child\" data-id=\"8f7d441\" data-element_type=\"container\">\n\t\t\t\t<div class=\"elementor-element elementor-element-e5a8cdd elementor-widget elementor-widget-heading\" data-id=\"e5a8cdd\" data-element_type=\"widget\" data-widget_type=\"heading.default\">\n\t\t\t\t\t<h6 class=\"elementor-heading-title elementor-size-default\">02<\/h6>\t\t\t\t<\/div>\n\t\t\t\t<\/div>\n\t\t<div class=\"elementor-element elementor-element-bfe853a e-con-full e-flex e-con e-child\" data-id=\"bfe853a\" data-element_type=\"container\">\n\t\t<div class=\"elementor-element elementor-element-eac41f6 e-con-full e-flex e-con e-child\" data-id=\"eac41f6\" data-element_type=\"container\">\n\t\t\t\t<div class=\"elementor-element elementor-element-f8587f5 elementor-widget elementor-widget-heading\" data-id=\"f8587f5\" data-element_type=\"widget\" data-widget_type=\"heading.default\">\n\t\t\t\t\t<h6 class=\"elementor-heading-title elementor-size-default\">Le Manifeste<\/h6>\t\t\t\t<\/div>\n\t\t\t\t<\/div>\n\t\t<div class=\"elementor-element elementor-element-ab2f417 e-con-full e-flex e-con e-child\" data-id=\"ab2f417\" data-element_type=\"container\">\n\t\t\t\t<div class=\"elementor-element elementor-element-033520a elementor-widget elementor-widget-text-editor\" data-id=\"033520a\" data-element_type=\"widget\" data-widget_type=\"text-editor.default\">\n\t\t\t\t\t\t\t\t\t<p>De l\u2019\u00e9coute na\u00eet\u00a0<b>la strat\u00e9gie<\/b>. Apr\u00e8s notre \u00e9change, nous fa\u00e7onnons un plan d\u2019action structur\u00e9. Cette r\u00e9flexion minutieuse donne vie \u00e0<b>\u00a0une solution sur mesure<\/b>\u00a0: une proposition con\u00e7ue pour r\u00e9pondre \u00e0 vos attentes.<\/p>\t\t\t\t\t\t\t\t<\/div>\n\t\t\t\t<\/div>\n\t\t\t\t<\/div>\n\t\t\t\t\t<\/div>\n\t\t\t\t<\/div>\n\t\t<div class=\"elementor-element elementor-element-cd63cf6 e-flex e-con-boxed e-con e-parent\" data-id=\"cd63cf6\" data-element_type=\"container\">\n\t\t\t\t\t<div class=\"e-con-inner\">\n\t\t<div class=\"elementor-element elementor-element-a32033a e-con-full e-flex e-con e-child\" data-id=\"a32033a\" data-element_type=\"container\">\n\t\t\t\t<div class=\"elementor-element elementor-element-b42925b elementor-widget elementor-widget-heading\" data-id=\"b42925b\" data-element_type=\"widget\" data-widget_type=\"heading.default\">\n\t\t\t\t\t<h6 class=\"elementor-heading-title elementor-size-default\">03<\/h6>\t\t\t\t<\/div>\n\t\t\t\t<\/div>\n\t\t<div class=\"elementor-element elementor-element-ce544fb e-con-full e-flex e-con e-child\" data-id=\"ce544fb\" data-element_type=\"container\">\n\t\t<div class=\"elementor-element elementor-element-574ba05 e-con-full e-flex e-con e-child\" data-id=\"574ba05\" data-element_type=\"container\">\n\t\t\t\t<div class=\"elementor-element elementor-element-d5b7ee9 elementor-widget elementor-widget-heading\" data-id=\"d5b7ee9\" data-element_type=\"widget\" data-widget_type=\"heading.default\">\n\t\t\t\t\t<h6 class=\"elementor-heading-title elementor-size-default\">Le D\u00e9ploiement<\/h6>\t\t\t\t<\/div>\n\t\t\t\t<\/div>\n\t\t<div class=\"elementor-element elementor-element-f8f7aaf e-con-full e-flex e-con e-child\" data-id=\"f8f7aaf\" data-element_type=\"container\">\n\t\t\t\t<div class=\"elementor-element elementor-element-da22b3e elementor-widget elementor-widget-text-editor\" data-id=\"da22b3e\" data-element_type=\"widget\" data-widget_type=\"text-editor.default\">\n\t\t\t\t\t\t\t\t\t<p><b>Le projet s\u2019anime.<\/b> Votre chef de projet devient l\u2019extension de votre propre \u00e9quipe : il veille sur chaque d\u00e9tail et reste \u00e0 votre enti\u00e8re disposition pour ajuster la trajectoire en temps r\u00e9el. Chaque \u00e9l\u00e9ment est pr\u00e9par\u00e9 en amont, r\u00e9fl\u00e9chi et organis\u00e9 <b>selon vos objectifs.<\/b>\u00a0<\/p>\t\t\t\t\t\t\t\t<\/div>\n\t\t\t\t<\/div>\n\t\t\t\t<\/div>\n\t\t\t\t\t<\/div>\n\t\t\t\t<\/div>\n\t\t<div class=\"elementor-element elementor-element-da0461c e-flex e-con-boxed e-con e-parent\" data-id=\"da0461c\" data-element_type=\"container\">\n\t\t\t\t\t<div class=\"e-con-inner\">\n\t\t<div class=\"elementor-element elementor-element-e87e146 e-con-full e-flex e-con e-child\" data-id=\"e87e146\" data-element_type=\"container\">\n\t\t\t\t<div class=\"elementor-element elementor-element-0ea40a7 elementor-widget elementor-widget-heading\" data-id=\"0ea40a7\" data-element_type=\"widget\" data-widget_type=\"heading.default\">\n\t\t\t\t\t<h6 class=\"elementor-heading-title elementor-size-default\">04<\/h6>\t\t\t\t<\/div>\n\t\t\t\t<\/div>\n\t\t<div class=\"elementor-element elementor-element-94d4bce e-con-full e-flex e-con e-child\" data-id=\"94d4bce\" data-element_type=\"container\">\n\t\t<div class=\"elementor-element elementor-element-2f0c3b6 e-con-full e-flex e-con e-child\" data-id=\"2f0c3b6\" data-element_type=\"container\">\n\t\t\t\t<div class=\"elementor-element elementor-element-ab2cd62 elementor-widget elementor-widget-heading\" data-id=\"ab2cd62\" data-element_type=\"widget\" data-widget_type=\"heading.default\">\n\t\t\t\t\t<h6 class=\"elementor-heading-title elementor-size-default\">Le Suivi<\/h6>\t\t\t\t<\/div>\n\t\t\t\t<\/div>\n\t\t<div class=\"elementor-element elementor-element-3e03257 e-con-full e-flex e-con e-child\" data-id=\"3e03257\" data-element_type=\"container\">\n\t\t\t\t<div class=\"elementor-element elementor-element-bc42285 elementor-widget elementor-widget-text-editor\" data-id=\"bc42285\" data-element_type=\"widget\" data-widget_type=\"text-editor.default\">\n\t\t\t\t\t\t\t\t\t<p><b>Mesurer pour mieux grandir.<\/b> Nous suivons l\u2019audience et les r\u00e9sultats de chaque action de mani\u00e8re transparente. Ce suivi r\u00e9gulier nous permet d&rsquo;affiner votre strat\u00e9gie en permanence. Chaque mois, un <b>reporting<\/b> d\u00e9taill\u00e9 vous permet de mesurer l&rsquo;impact r\u00e9el de notre collaboration.\u00a0<\/p>\t\t\t\t\t\t\t\t<\/div>\n\t\t\t\t<\/div>\n\t\t\t\t<\/div>\n\t\t\t\t\t<\/div>\n\t\t\t\t<\/div>\n\t\t<div class=\"elementor-element elementor-element-4b533dd e-flex e-con-boxed e-con e-parent\" data-id=\"4b533dd\" data-element_type=\"container\">\n\t\t\t\t\t<div class=\"e-con-inner\">\n\t\t\t\t<div class=\"elementor-element elementor-element-4871e6c elementor-widget elementor-widget-spacer\" data-id=\"4871e6c\" data-element_type=\"widget\" data-widget_type=\"spacer.default\">\n\t\t\t\t\t\t\t<div class=\"elementor-spacer\">\n\t\t\t<div class=\"elementor-spacer-inner\"><\/div>\n\t\t<\/div>\n\t\t\t\t\t\t<\/div>\n\t\t\t\t\t<\/div>\n\t\t\t\t<\/div>\n\t\t<div class=\"elementor-element elementor-element-17ca297 e-flex e-con-boxed e-con e-parent\" data-id=\"17ca297\" data-element_type=\"container\" data-settings=\"{&quot;background_background&quot;:&quot;classic&quot;}\">\n\t\t\t\t\t<div class=\"e-con-inner\">\n\t\t\t\t<div class=\"elementor-element elementor-element-8113b23 elementor-widget elementor-widget-spacer\" data-id=\"8113b23\" data-element_type=\"widget\" data-widget_type=\"spacer.default\">\n\t\t\t\t\t\t\t<div class=\"elementor-spacer\">\n\t\t\t<div class=\"elementor-spacer-inner\"><\/div>\n\t\t<\/div>\n\t\t\t\t\t\t<\/div>\n\t\t\t\t<div class=\"elementor-element elementor-element-439c194 elementor-widget elementor-widget-heading\" data-id=\"439c194\" data-element_type=\"widget\" data-widget_type=\"heading.default\">\n\t\t\t\t\t<h6 class=\"elementor-heading-title elementor-size-default\">Pr\u00eat a commencer ?<\/h6>\t\t\t\t<\/div>\n\t\t\t\t<div class=\"elementor-element elementor-element-6f7dfeb elementor-widget elementor-widget-spacer\" data-id=\"6f7dfeb\" data-element_type=\"widget\" data-widget_type=\"spacer.default\">\n\t\t\t\t\t\t\t<div class=\"elementor-spacer\">\n\t\t\t<div class=\"elementor-spacer-inner\"><\/div>\n\t\t<\/div>\n\t\t\t\t\t\t<\/div>\n\t\t\t\t<div class=\"elementor-element elementor-element-fd52443 elementor-align-center elementor-widget elementor-widget-button\" data-id=\"fd52443\" data-element_type=\"widget\" data-widget_type=\"button.default\">\n\t\t\t\t\t\t\t\t\t\t<a class=\"elementor-button elementor-button-link elementor-size-sm elementor-animation-grow\" href=\"#\">\n\t\t\t\t\t\t<span class=\"elementor-button-content-wrapper\">\n\t\t\t\t\t\t\t\t\t<span class=\"elementor-button-text\">En Savoir plus<\/span>\n\t\t\t\t\t<\/span>\n\t\t\t\t\t<\/a>\n\t\t\t\t\t\t\t\t<\/div>\n\t\t\t\t<div class=\"elementor-element elementor-element-9e4dd46 elementor-widget elementor-widget-spacer\" data-id=\"9e4dd46\" data-element_type=\"widget\" data-widget_type=\"spacer.default\">\n\t\t\t\t\t\t\t<div class=\"elementor-spacer\">\n\t\t\t<div class=\"elementor-spacer-inner\"><\/div>\n\t\t<\/div>\n\t\t\t\t\t\t<\/div>\n\t\t\t\t\t<\/div>\n\t\t\t\t<\/div>\n\t\t\t\t<\/div>\n\t\t","protected":false},"excerpt":{"rendered":"<p>Une approche pens\u00e9e pour vous 01 Le Premier \u00e9change Une immersion privil\u00e9gi\u00e9e o\u00f9 la parole vous appartient. Notre chef de projet d\u00e9di\u00e9 vient \u00e0 votre rencontre pour s\u2019impr\u00e9gner de votre vision et de vos d\u00e9fis.&nbsp; 02 Le Manifeste De l\u2019\u00e9coute na\u00eet\u00a0la strat\u00e9gie. Apr\u00e8s notre \u00e9change, nous fa\u00e7onnons un plan d\u2019action structur\u00e9. Cette r\u00e9flexion minutieuse donne [&hellip;]<\/p>\n","protected":false},"author":1,"featured_media":0,"parent":0,"menu_order":0,"comment_status":"closed","ping_status":"closed","template":"","meta":{"footnotes":""},"class_list":["post-304","page","type-page","status-publish","hentry"],"_links":{"self":[{"href":"https:\/\/inaratconsulting.com\/index.php?rest_route=\/wp\/v2\/pages\/304","targetHints":{"allow":["GET"]}}],"collection":[{"href":"https:\/\/inaratconsulting.com\/index.php?rest_route=\/wp\/v2\/pages"}],"about":[{"href":"https:\/\/inaratconsulting.com\/index.php?rest_route=\/wp\/v2\/types\/page"}],"author":[{"embeddable":true,"href":"https:\/\/inaratconsulting.com\/index.php?rest_route=\/wp\/v2\/users\/1"}],"replies":[{"embeddable":true,"href":"https:\/\/inaratconsulting.com\/index.php?rest_route=%2Fwp%2Fv2%2Fcomments&post=304"}],"version-history":[{"count":29,"href":"https:\/\/inaratconsulting.com\/index.php?rest_route=\/wp\/v2\/pages\/304\/revisions"}],"predecessor-version":[{"id":350,"href":"https:\/\/inaratconsulting.com\/index.php?rest_route=\/wp\/v2\/pages\/304\/revisions\/350"}],"wp:attachment":[{"href":"https:\/\/inaratconsulting.com\/index.php?rest_route=%2Fwp%2Fv2%2Fmedia&parent=304"}],"curies":[{"name":"wp","href":"https:\/\/api.w.org\/{rel}","templated":true}]}}